{"id":4389,"date":"2025-08-01T14:42:32","date_gmt":"2025-08-01T11:42:32","guid":{"rendered":"https:\/\/www.degamlashem.com\/etusivu\/"},"modified":"2025-08-25T11:23:36","modified_gmt":"2025-08-25T08:23:36","slug":"etusivu","status":"publish","type":"page","link":"https:\/\/www.degamlashem.com\/sv\/","title":{"rendered":"Startsida"},"content":{"rendered":"\r\n\r\n<section class=\"hero site-banner banner-bg-image section-default default alignfull image\">\r\n\r\n    <div class=\"site-banner-bg section-bg-image \" >\r\n\r\n        <img loading=\"lazy\" decoding=\"async\" width=\"1366\" height=\"858\" src=\"https:\/\/www.degamlashem.com\/wp-content\/uploads\/2025\/08\/highlight-image-e1756104936232.jpg\" class=\"attachment-1536\u00d71536 size-1536\u00d71536\" alt=\"\" srcset=\"https:\/\/www.degamlashem.com\/wp-content\/uploads\/2025\/08\/highlight-image-e1756104936232.jpg 1366w, https:\/\/www.degamlashem.com\/wp-content\/uploads\/2025\/08\/highlight-image-e1756104936232-300x188.jpg 300w, https:\/\/www.degamlashem.com\/wp-content\/uploads\/2025\/08\/highlight-image-e1756104936232-1024x643.jpg 1024w, https:\/\/www.degamlashem.com\/wp-content\/uploads\/2025\/08\/highlight-image-e1756104936232-768x482.jpg 768w\" sizes=\"auto, (max-width: 1366px) 100vw, 1366px\" \/>\r\n        \r\n            <div class=\"site-banner-content container\">\r\n                <div class=\"row w-100\">\r\n                    <div class=\"col-md-12\">\r\n\r\n                        <h1 class=\"hero-title\">Vi v\u00e5rdar med stort hj\u00e4rta<\/h1><div class=\"inner-content\">\r\n                            <div class=\"acf-innerblocks-container\">\n\n<p><\/p>\n\n<\/div>\r\n                        <\/div>                    <\/div>\r\n                <\/div>\r\n            <\/div>\r\n        \r\n        <\/div><\/section>\n\n\n<figure class=\"wp-block-image size-large is-resized\"><img loading=\"lazy\" decoding=\"async\" width=\"1024\" height=\"525\" src=\"https:\/\/www.degamlashem.com\/wp-content\/uploads\/2025\/08\/dgh-etusivulle-1024x525.png\" alt=\"\" class=\"wp-image-4214\" style=\"width:600px\" srcset=\"https:\/\/www.degamlashem.com\/wp-content\/uploads\/2025\/08\/dgh-etusivulle-1024x525.png 1024w, https:\/\/www.degamlashem.com\/wp-content\/uploads\/2025\/08\/dgh-etusivulle-300x154.png 300w, https:\/\/www.degamlashem.com\/wp-content\/uploads\/2025\/08\/dgh-etusivulle-768x394.png 768w, https:\/\/www.degamlashem.com\/wp-content\/uploads\/2025\/08\/dgh-etusivulle.png 1170w\" sizes=\"auto, (max-width: 1024px) 100vw, 1024px\" \/><\/figure>\n\n\n\n<h2 class=\"wp-block-heading\">De Gamlas Hem<\/h2>\n\n\n\n<p>De Gamlas Hem r.f. \u00e4r en icke vinstdrivande f\u00f6rening med en v\u00e4rdegrund som bygger p\u00e5 god v\u00e5rd och omsorg.<\/p>\n\n\n\n<p>Vi erbjuder boende- och v\u00e5rdtj\u00e4nster som en hybridenhet f\u00f6r \u00e4ldre i Kristinestad med omnejd, men \u00e4ven icke ortsbor kan ans\u00f6ka om serviceboende. Tj\u00e4nster omfattar dygnet runt serviceboende och hyresboende samt hemv\u00e5rd och st\u00f6dtj\u00e4nster.<\/p>\n\n\n\n<p>De Gamlas Hem har ett n\u00e4ra samarbete med \u00d6sterbottens v\u00e4lf\u00e4rdsomr\u00e5det och v\u00e4ljer i samr\u00e5d med den nya klienter till dygnet runt serviceboendet. Ans\u00f6kan inl\u00e4mnas till \u00d6vph. Ans\u00f6kningsblanketten finns tillg\u00e4nglig p\u00e5 \u00d6sterbottens v\u00e4lf\u00e4rdsomr\u00e5des hemsida, samt information om hur man ans\u00f6ker om att bli boende:<\/p>\n\n\n\n<p><a href=\"https:\/\/osterbottensvalfard.fi\/vara-tjanster\/socialvardstjanster\/stod-i-vardagen\/stod-i-vardagen-for-aldre\/boendeservice-for-aldre\/\">Boendeservice f\u00f6r \u00e4ldre \u2013 \u00d6sterbottens v\u00e4lf\u00e4rdsomr\u00e5de (osterbottensvalfard.fi)<\/a><\/p>\n\n\n\n<p>Alla klienter i behov av dygnet runt serviceboende \u00e4r ber\u00e4ttigade till \u00d6vph:s servicesedel. Klienter som bor i sina egna hyresl\u00e4genheter med nedsatt h\u00e4lsa och funktionsf\u00f6rm\u00e5ga kan ocks\u00e5 beviljas servicesedel. Varje klients v\u00e5rdbehov utreds individuellt.<\/p>\n\n\n\n<figure class=\"wp-block-image size-full is-resized\"><img loading=\"lazy\" decoding=\"async\" width=\"206\" height=\"206\" src=\"https:\/\/www.degamlashem.com\/wp-content\/uploads\/2025\/08\/kotisivulleelokuu.jpg\" alt=\"\" class=\"wp-image-4216\" style=\"width:250px\" srcset=\"https:\/\/www.degamlashem.com\/wp-content\/uploads\/2025\/08\/kotisivulleelokuu.jpg 206w, https:\/\/www.degamlashem.com\/wp-content\/uploads\/2025\/08\/kotisivulleelokuu-150x150.jpg 150w\" sizes=\"auto, (max-width: 206px) 100vw, 206px\" \/><\/figure>\n\n\n\n<p>I dygnet runt serviceboende finns det 18 boendeplatser. V\u00e5r str\u00e4van \u00e4r att \u00e4ven kunna ge par en m\u00f6jlighet att bo tillsammans. I g\u00e5rdsbyggnaderna (fyra st) finns nio bost\u00e4der. V\u00e5rt servicehus har eget k\u00f6k, som dagligen tillreder smaklig husmanskost. Utomst\u00e5ende har ocks\u00e5 m\u00f6jlighet, att antingen \u00e4ta p\u00e5 Hemmet under lunchtid eller best\u00e4lla mat hem. F\u00f6r hemk\u00f6rningen tillkommer en transportkostnad. F\u00f6r mer information, kontakta v\u00e5rt k\u00f6k.<\/p>\n\n\n\n<p>V\u00e5ra hyresg\u00e4ster erbjuds ocks\u00e5 m\u00f6jlighet delta i den dagliga syssels\u00e4ttningsverksamheten.<\/p>\n\n\n\n<p><strong>V\u00e4lkommen till De Gamlas Hem i Kristinestad!<\/strong><\/p>\n\n\n\n<figure class=\"wp-block-image size-full is-resized\"><img loading=\"lazy\" decoding=\"async\" width=\"206\" height=\"206\" src=\"https:\/\/www.degamlashem.com\/wp-content\/uploads\/2025\/08\/kotisivulle2.jpg\" alt=\"\" class=\"wp-image-4218\" style=\"width:250px\" srcset=\"https:\/\/www.degamlashem.com\/wp-content\/uploads\/2025\/08\/kotisivulle2.jpg 206w, https:\/\/www.degamlashem.com\/wp-content\/uploads\/2025\/08\/kotisivulle2-150x150.jpg 150w\" sizes=\"auto, (max-width: 206px) 100vw, 206px\" \/><\/figure>\n\n\n\n<div class=\"wp-block-cover alignfull is-light has-parallax is-style-default nostot\"><div class=\"wp-block-cover__image-background wp-image-4213 size-large has-parallax\" style=\"background-position:50% 50%;background-image:url(https:\/\/www.degamlashem.com\/wp-content\/uploads\/2025\/08\/highlight-image-1024x683.jpg)\"><\/div><span aria-hidden=\"true\" class=\"wp-block-cover__background has-light-gray-background-color has-background-dim-20 has-background-dim\"><\/span><div class=\"wp-block-cover__inner-container is-layout-flow wp-block-cover-is-layout-flow\">\n<div class=\"wp-block-columns is-layout-flex wp-container-core-columns-is-layout-9d6595d7 wp-block-columns-is-layout-flex\">\n<div class=\"wp-block-column has-white-background-color has-background is-layout-flow wp-block-column-is-layout-flow\">\n<h2 class=\"wp-block-heading has-text-align-center has-black-color has-text-color has-link-color wp-elements-c4d2eb28b94ee607eb2beccd29987cfe\">Service<\/h2>\n\n\n\n<p class=\"has-text-align-center has-black-color has-text-color has-link-color wp-elements-1b1586aa00837c46b8d5a0c5e59f617e\">De Gamlas Hem erbjuder serviceboendetj\u00e4nster f\u00f6r seniorer i Kristinestad med omnejd.<\/p>\n\n\n\n<div class=\"wp-block-buttons mb-0 mt-3 is-content-justification-center is-layout-flex wp-container-core-buttons-is-layout-28206b41 wp-block-buttons-is-layout-flex\">\n<div class=\"wp-block-button is-style-fill\"><a class=\"wp-block-button__link wp-element-button\" href=\"https:\/\/www.degamlashem.com\/sv\/allman\/\">L\u00e4s mer<\/a><\/div>\n<\/div>\n<\/div>\n\n\n\n<div class=\"wp-block-column has-white-background-color has-background is-layout-flow wp-block-column-is-layout-flow\">\n<h2 class=\"wp-block-heading has-text-align-center has-black-color has-text-color has-link-color wp-elements-b73e1a8c969e61640d50065f9b69799e\">Galleria<\/h2>\n\n\n\n<p class=\"has-text-align-center has-black-color has-text-color has-link-color wp-elements-b4f8cb97b55a5eba4a7635a2a5ed027a\">Hur ses ut i De Gamlas Hem? Bekanta dig med v\u00e5rt galleri.<\/p>\n\n\n\n<div class=\"wp-block-buttons mb-0 mt-3 is-content-justification-center is-layout-flex wp-container-core-buttons-is-layout-28206b41 wp-block-buttons-is-layout-flex\">\n<div class=\"wp-block-button is-style-fill\"><a class=\"wp-block-button__link wp-element-button\" href=\"https:\/\/www.degamlashem.com\/sv\/galleria\/\">L\u00e4s mer<\/a><\/div>\n<\/div>\n<\/div>\n\n\n\n<div class=\"wp-block-column has-white-background-color has-background is-layout-flow wp-block-column-is-layout-flow\">\n<h2 class=\"wp-block-heading has-text-align-center has-black-color has-text-color\">Tag Kontakt<\/h2>\n\n\n\n<p class=\"has-text-align-center has-black-color has-text-color has-link-color wp-elements-81b9cba965dcdd78a94f323de7773d6f\">Beh\u00f6ver du en boendeplats?<br>Kontakta oss.<\/p>\n\n\n\n<div class=\"wp-block-buttons mb-0 mt-3 is-content-justification-center is-layout-flex wp-container-core-buttons-is-layout-28206b41 wp-block-buttons-is-layout-flex\">\n<div class=\"wp-block-button is-style-fill\"><a class=\"wp-block-button__link wp-element-button\" href=\"https:\/\/www.degamlashem.com\/sv\/kontakt\/\">L\u00e4s mer<\/a><\/div>\n<\/div>\n<\/div>\n<\/div>\n<\/div><\/div>\n","protected":false},"excerpt":{"rendered":"<p>De Gamlas Hem De Gamlas Hem r.f. \u00e4r en icke vinstdrivande f\u00f6rening med en v\u00e4rdegrund som bygger p\u00e5 god v\u00e5rd och omsorg. Vi erbjuder boende- och v\u00e5rdtj\u00e4nster som en hybridenhet f\u00f6r \u00e4ldre i Kristinestad med omnejd, men \u00e4ven icke ortsbor kan ans\u00f6ka om serviceboende. Tj\u00e4nster omfattar dygnet runt serviceboende och hyresboende samt hemv\u00e5rd och st\u00f6dtj\u00e4nster. [&hellip;]<\/p>\n","protected":false},"author":1,"featured_media":0,"parent":0,"menu_order":1,"comment_status":"closed","ping_status":"closed","template":"","meta":{"_acf_changed":false,"footnotes":""},"class_list":["post-4389","page","type-page","status-publish","hentry"],"acf":[],"aioseo_notices":[],"_links":{"self":[{"href":"https:\/\/www.degamlashem.com\/sv\/wp-json\/wp\/v2\/pages\/4389","targetHints":{"allow":["GET"]}}],"collection":[{"href":"https:\/\/www.degamlashem.com\/sv\/wp-json\/wp\/v2\/pages"}],"about":[{"href":"https:\/\/www.degamlashem.com\/sv\/wp-json\/wp\/v2\/types\/page"}],"author":[{"embeddable":true,"href":"https:\/\/www.degamlashem.com\/sv\/wp-json\/wp\/v2\/users\/1"}],"replies":[{"embeddable":true,"href":"https:\/\/www.degamlashem.com\/sv\/wp-json\/wp\/v2\/comments?post=4389"}],"version-history":[{"count":0,"href":"https:\/\/www.degamlashem.com\/sv\/wp-json\/wp\/v2\/pages\/4389\/revisions"}],"wp:attachment":[{"href":"https:\/\/www.degamlashem.com\/sv\/wp-json\/wp\/v2\/media?parent=4389"}],"curies":[{"name":"wp","href":"https:\/\/api.w.org\/{rel}","templated":true}]}}

<section class="hero site-banner banner-bg-image section-default default alignfull image">

    <div class="site-banner-bg section-bg-image " >

        <img loading="lazy" decoding="async" width="1366" height="858" src="https://www.degamlashem.com/wp-content/uploads/2025/08/highlight-image-e1756104936232.jpg" class="attachment-1536×1536 size-1536×1536" alt="" srcset="https://www.degamlashem.com/wp-content/uploads/2025/08/highlight-image-e1756104936232.jpg 1366w, https://www.degamlashem.com/wp-content/uploads/2025/08/highlight-image-e1756104936232-300x188.jpg 300w, https://www.degamlashem.com/wp-content/uploads/2025/08/highlight-image-e1756104936232-1024x643.jpg 1024w, https://www.degamlashem.com/wp-content/uploads/2025/08/highlight-image-e1756104936232-768x482.jpg 768w" sizes="auto, (max-width: 1366px) 100vw, 1366px" />
        
            <div class="site-banner-content container">
                <div class="row w-100">
                    <div class="col-md-12">

                        <h1 class="hero-title">Vi vårdar med stort hjärta</h1><div class="inner-content">
                            <div class="acf-innerblocks-container">

<p></p>

</div>
                        </div>                    </div>
                </div>
            </div>
        
        </div></section>


<figure class="wp-block-image size-large is-resized"><img loading="lazy" decoding="async" width="1024" height="525" src="https://www.degamlashem.com/wp-content/uploads/2025/08/dgh-etusivulle-1024x525.png" alt="" class="wp-image-4214" style="width:600px" srcset="https://www.degamlashem.com/wp-content/uploads/2025/08/dgh-etusivulle-1024x525.png 1024w, https://www.degamlashem.com/wp-content/uploads/2025/08/dgh-etusivulle-300x154.png 300w, https://www.degamlashem.com/wp-content/uploads/2025/08/dgh-etusivulle-768x394.png 768w, https://www.degamlashem.com/wp-content/uploads/2025/08/dgh-etusivulle.png 1170w" sizes="auto, (max-width: 1024px) 100vw, 1024px" /></figure>



<h2 class="wp-block-heading">De Gamlas Hem</h2>



<p>De Gamlas Hem r.f. är en icke vinstdrivande förening med en värdegrund som bygger på god vård och omsorg.</p>



<p>Vi erbjuder boende- och vårdtjänster som en hybridenhet för äldre i Kristinestad med omnejd, men även icke ortsbor kan ansöka om serviceboende. Tjänster omfattar dygnet runt serviceboende och hyresboende samt hemvård och stödtjänster.</p>



<p>De Gamlas Hem har ett nära samarbete med Österbottens välfärdsområdet och väljer i samråd med den nya klienter till dygnet runt serviceboendet. Ansökan inlämnas till Övph. Ansökningsblanketten finns tillgänglig på Österbottens välfärdsområdes hemsida, samt information om hur man ansöker om att bli boende:</p>



<p><a href="https://osterbottensvalfard.fi/vara-tjanster/socialvardstjanster/stod-i-vardagen/stod-i-vardagen-for-aldre/boendeservice-for-aldre/">Boendeservice för äldre – Österbottens välfärdsområde (osterbottensvalfard.fi)</a></p>



<p>Alla klienter i behov av dygnet runt serviceboende är berättigade till Övph:s servicesedel. Klienter som bor i sina egna hyreslägenheter med nedsatt hälsa och funktionsförmåga kan också beviljas servicesedel. Varje klients vårdbehov utreds individuellt.</p>



<figure class="wp-block-image size-full is-resized"><img loading="lazy" decoding="async" width="206" height="206" src="https://www.degamlashem.com/wp-content/uploads/2025/08/kotisivulleelokuu.jpg" alt="" class="wp-image-4216" style="width:250px" srcset="https://www.degamlashem.com/wp-content/uploads/2025/08/kotisivulleelokuu.jpg 206w, https://www.degamlashem.com/wp-content/uploads/2025/08/kotisivulleelokuu-150x150.jpg 150w" sizes="auto, (max-width: 206px) 100vw, 206px" /></figure>



<p>I dygnet runt serviceboende finns det 18 boendeplatser. Vår strävan är att även kunna ge par en möjlighet att bo tillsammans. I gårdsbyggnaderna (fyra st) finns nio bostäder. Vårt servicehus har eget kök, som dagligen tillreder smaklig husmanskost. Utomstående har också möjlighet, att antingen äta på Hemmet under lunchtid eller beställa mat hem. För hemkörningen tillkommer en transportkostnad. För mer information, kontakta vårt kök.</p>



<p>Våra hyresgäster erbjuds också möjlighet delta i den dagliga sysselsättningsverksamheten.</p>



<p><strong>Välkommen till De Gamlas Hem i Kristinestad!</strong></p>



<figure class="wp-block-image size-full is-resized"><img loading="lazy" decoding="async" width="206" height="206" src="https://www.degamlashem.com/wp-content/uploads/2025/08/kotisivulle2.jpg" alt="" class="wp-image-4218" style="width:250px" srcset="https://www.degamlashem.com/wp-content/uploads/2025/08/kotisivulle2.jpg 206w, https://www.degamlashem.com/wp-content/uploads/2025/08/kotisivulle2-150x150.jpg 150w" sizes="auto, (max-width: 206px) 100vw, 206px" /></figure>



<div class="wp-block-cover alignfull is-light has-parallax is-style-default nostot"><div class="wp-block-cover__image-background wp-image-4213 size-large has-parallax" style="background-position:50% 50%;background-image:url(https://www.degamlashem.com/wp-content/uploads/2025/08/highlight-image-1024x683.jpg)"></div><span aria-hidden="true" class="wp-block-cover__background has-light-gray-background-color has-background-dim-20 has-background-dim"></span><div class="wp-block-cover__inner-container is-layout-flow wp-block-cover-is-layout-flow">
<div class="wp-block-columns is-layout-flex wp-container-core-columns-is-layout-9d6595d7 wp-block-columns-is-layout-flex">
<div class="wp-block-column has-white-background-color has-background is-layout-flow wp-block-column-is-layout-flow">
<h2 class="wp-block-heading has-text-align-center has-black-color has-text-color has-link-color wp-elements-c4d2eb28b94ee607eb2beccd29987cfe">Service</h2>



<p class="has-text-align-center has-black-color has-text-color has-link-color wp-elements-1b1586aa00837c46b8d5a0c5e59f617e">De Gamlas Hem erbjuder serviceboendetjänster för seniorer i Kristinestad med omnejd.</p>



<div class="wp-block-buttons mb-0 mt-3 is-content-justification-center is-layout-flex wp-container-core-buttons-is-layout-28206b41 wp-block-buttons-is-layout-flex">
<div class="wp-block-button is-style-fill"><a class="wp-block-button__link wp-element-button" href="https://www.degamlashem.com/sv/allman/">Läs mer</a></div>
</div>
</div>



<div class="wp-block-column has-white-background-color has-background is-layout-flow wp-block-column-is-layout-flow">
<h2 class="wp-block-heading has-text-align-center has-black-color has-text-color has-link-color wp-elements-b73e1a8c969e61640d50065f9b69799e">Galleria</h2>



<p class="has-text-align-center has-black-color has-text-color has-link-color wp-elements-b4f8cb97b55a5eba4a7635a2a5ed027a">Hur ses ut i De Gamlas Hem? Bekanta dig med vårt galleri.</p>



<div class="wp-block-buttons mb-0 mt-3 is-content-justification-center is-layout-flex wp-container-core-buttons-is-layout-28206b41 wp-block-buttons-is-layout-flex">
<div class="wp-block-button is-style-fill"><a class="wp-block-button__link wp-element-button" href="https://www.degamlashem.com/sv/galleria/">Läs mer</a></div>
</div>
</div>



<div class="wp-block-column has-white-background-color has-background is-layout-flow wp-block-column-is-layout-flow">
<h2 class="wp-block-heading has-text-align-center has-black-color has-text-color">Tag Kontakt</h2>



<p class="has-text-align-center has-black-color has-text-color has-link-color wp-elements-81b9cba965dcdd78a94f323de7773d6f">Behöver du en boendeplats?<br>Kontakta oss.</p>



<div class="wp-block-buttons mb-0 mt-3 is-content-justification-center is-layout-flex wp-container-core-buttons-is-layout-28206b41 wp-block-buttons-is-layout-flex">
<div class="wp-block-button is-style-fill"><a class="wp-block-button__link wp-element-button" href="https://www.degamlashem.com/sv/kontakt/">Läs mer</a></div>
</div>
</div>
</div>
</div></div>

<p>De Gamlas Hem De Gamlas Hem r.f. är en icke vinstdrivande förening med en värdegrund som bygger på god vård och omsorg. Vi erbjuder boende- och vårdtjänster som en hybridenhet för äldre i Kristinestad med omnejd, men även icke ortsbor kan ansöka om serviceboende. Tjänster omfattar dygnet runt serviceboende och hyresboende samt hemvård och stödtjänster. [&hellip;]</p>
